{"id":19,"date":"2022-06-21T19:45:57","date_gmt":"2022-06-21T23:45:57","guid":{"rendered":"https:\/\/esperanzavalparaiso.cl\/web\/?page_id=19"},"modified":"2022-08-11T16:24:41","modified_gmt":"2022-08-11T20:24:41","slug":"galeria","status":"publish","type":"page","link":"https:\/\/esperanzavalparaiso.cl\/web\/galeria\/","title":{"rendered":"Galer\u00eda"},"content":{"rendered":"\n<h3 class=\"wp-block-heading\">D\u00eda del Alumno 2022<\/h3>\n\n\n\nngg_shortcode_0_placeholder\n\n\n\n<h3 class=\"wp-block-heading\">Presentaci\u00f3n perros de Carabineros<\/h3>\n\n\n\nngg_shortcode_1_placeholder\n","protected":false},"excerpt":{"rendered":"<p>D\u00eda del Alumno 2022 Presentaci\u00f3n perros de Carabineros<\/p>\n","protected":false},"author":1,"featured_media":0,"parent":0,"menu_order":0,"comment_status":"closed","ping_status":"closed","template":"","meta":{"ngg_post_thumbnail":0,"footnotes":""},"class_list":["post-19","page","type-page","status-publish","hentry"],"yoast_head":"<!-- This site is optimized with the Yoast SEO plugin v27.4 - https:\/\/yoast.com\/product\/yoast-seo-wordpress\/ -->\n<title>Galer\u00eda - Colegio Esperanza, Valpara\u00edso<\/title>\n<meta name=\"robots\" content=\"index, follow, max-snippet:-1, max-image-preview:large, max-video-preview:-1\" \/>\n<link rel=\"canonical\" href=\"https:\/\/esperanzavalparaiso.cl\/web\/galeria\/\" \/>\n<meta property=\"og:locale\" content=\"es_ES\" \/>\n<meta property=\"og:type\" content=\"article\" \/>\n<meta property=\"og:title\" content=\"Galer\u00eda - Colegio Esperanza, Valpara\u00edso\" \/>\n<meta property=\"og:description\" content=\"D\u00eda del Alumno 2022 Presentaci\u00f3n perros de Carabineros\" \/>\n<meta property=\"og:url\" content=\"https:\/\/esperanzavalparaiso.cl\/web\/galeria\/\" \/>\n<meta property=\"og:site_name\" content=\"Colegio Esperanza, Valpara\u00edso\" \/>\n<meta property=\"article:modified_time\" content=\"2022-08-11T20:24:41+00:00\" \/>\n<meta name=\"twitter:card\" content=\"summary_large_image\" \/>\n<meta name=\"twitter:label1\" content=\"Tiempo de lectura\" \/>\n\t<meta name=\"twitter:data1\" content=\"1 minuto\" \/>\n<script type=\"application\/ld+json\" class=\"yoast-schema-graph\">{\"@context\":\"https:\\\/\\\/schema.org\",\"@graph\":[{\"@type\":\"WebPage\",\"@id\":\"https:\\\/\\\/esperanzavalparaiso.cl\\\/web\\\/galeria\\\/\",\"url\":\"https:\\\/\\\/esperanzavalparaiso.cl\\\/web\\\/galeria\\\/\",\"name\":\"Galer\u00eda - Colegio Esperanza, Valpara\u00edso\",\"isPartOf\":{\"@id\":\"https:\\\/\\\/esperanzavalparaiso.cl\\\/web\\\/#website\"},\"datePublished\":\"2022-06-21T23:45:57+00:00\",\"dateModified\":\"2022-08-11T20:24:41+00:00\",\"breadcrumb\":{\"@id\":\"https:\\\/\\\/esperanzavalparaiso.cl\\\/web\\\/galeria\\\/#breadcrumb\"},\"inLanguage\":\"es\",\"potentialAction\":[{\"@type\":\"ReadAction\",\"target\":[\"https:\\\/\\\/esperanzavalparaiso.cl\\\/web\\\/galeria\\\/\"]}]},{\"@type\":\"BreadcrumbList\",\"@id\":\"https:\\\/\\\/esperanzavalparaiso.cl\\\/web\\\/galeria\\\/#breadcrumb\",\"itemListElement\":[{\"@type\":\"ListItem\",\"position\":1,\"name\":\"Portada\",\"item\":\"https:\\\/\\\/esperanzavalparaiso.cl\\\/web\\\/\"},{\"@type\":\"ListItem\",\"position\":2,\"name\":\"Galer\u00eda\"}]},{\"@type\":\"WebSite\",\"@id\":\"https:\\\/\\\/esperanzavalparaiso.cl\\\/web\\\/#website\",\"url\":\"https:\\\/\\\/esperanzavalparaiso.cl\\\/web\\\/\",\"name\":\"Colegio Esperanza, Valpara\u00edso\",\"description\":\"Cerro Esperanza, valpara\u00edso. Calidad, excelencia, PIE\",\"publisher\":{\"@id\":\"https:\\\/\\\/esperanzavalparaiso.cl\\\/web\\\/#organization\"},\"potentialAction\":[{\"@type\":\"SearchAction\",\"target\":{\"@type\":\"EntryPoint\",\"urlTemplate\":\"https:\\\/\\\/esperanzavalparaiso.cl\\\/web\\\/?s={search_term_string}\"},\"query-input\":{\"@type\":\"PropertyValueSpecification\",\"valueRequired\":true,\"valueName\":\"search_term_string\"}}],\"inLanguage\":\"es\"},{\"@type\":\"Organization\",\"@id\":\"https:\\\/\\\/esperanzavalparaiso.cl\\\/web\\\/#organization\",\"name\":\"Colegio Esperanza, Valpara\u00edso\",\"url\":\"https:\\\/\\\/esperanzavalparaiso.cl\\\/web\\\/\",\"logo\":{\"@type\":\"ImageObject\",\"inLanguage\":\"es\",\"@id\":\"https:\\\/\\\/esperanzavalparaiso.cl\\\/web\\\/#\\\/schema\\\/logo\\\/image\\\/\",\"url\":\"https:\\\/\\\/esperanzavalparaiso.cl\\\/web\\\/wp-content\\\/uploads\\\/2022\\\/06\\\/colegio-esperanza-valparaiso-insignia-100x120-1.png\",\"contentUrl\":\"https:\\\/\\\/esperanzavalparaiso.cl\\\/web\\\/wp-content\\\/uploads\\\/2022\\\/06\\\/colegio-esperanza-valparaiso-insignia-100x120-1.png\",\"width\":100,\"height\":120,\"caption\":\"Colegio Esperanza, Valpara\u00edso\"},\"image\":{\"@id\":\"https:\\\/\\\/esperanzavalparaiso.cl\\\/web\\\/#\\\/schema\\\/logo\\\/image\\\/\"}}]}<\/script>\n<!-- \/ Yoast SEO plugin. -->","yoast_head_json":{"title":"Galer\u00eda - Colegio Esperanza, Valpara\u00edso","robots":{"index":"index","follow":"follow","max-snippet":"max-snippet:-1","max-image-preview":"max-image-preview:large","max-video-preview":"max-video-preview:-1"},"canonical":"https:\/\/esperanzavalparaiso.cl\/web\/galeria\/","og_locale":"es_ES","og_type":"article","og_title":"Galer\u00eda - Colegio Esperanza, Valpara\u00edso","og_description":"D\u00eda del Alumno 2022 Presentaci\u00f3n perros de Carabineros","og_url":"https:\/\/esperanzavalparaiso.cl\/web\/galeria\/","og_site_name":"Colegio Esperanza, Valpara\u00edso","article_modified_time":"2022-08-11T20:24:41+00:00","twitter_card":"summary_large_image","twitter_misc":{"Tiempo de lectura":"1 minuto"},"schema":{"@context":"https:\/\/schema.org","@graph":[{"@type":"WebPage","@id":"https:\/\/esperanzavalparaiso.cl\/web\/galeria\/","url":"https:\/\/esperanzavalparaiso.cl\/web\/galeria\/","name":"Galer\u00eda - Colegio Esperanza, Valpara\u00edso","isPartOf":{"@id":"https:\/\/esperanzavalparaiso.cl\/web\/#website"},"datePublished":"2022-06-21T23:45:57+00:00","dateModified":"2022-08-11T20:24:41+00:00","breadcrumb":{"@id":"https:\/\/esperanzavalparaiso.cl\/web\/galeria\/#breadcrumb"},"inLanguage":"es","potentialAction":[{"@type":"ReadAction","target":["https:\/\/esperanzavalparaiso.cl\/web\/galeria\/"]}]},{"@type":"BreadcrumbList","@id":"https:\/\/esperanzavalparaiso.cl\/web\/galeria\/#breadcrumb","itemListElement":[{"@type":"ListItem","position":1,"name":"Portada","item":"https:\/\/esperanzavalparaiso.cl\/web\/"},{"@type":"ListItem","position":2,"name":"Galer\u00eda"}]},{"@type":"WebSite","@id":"https:\/\/esperanzavalparaiso.cl\/web\/#website","url":"https:\/\/esperanzavalparaiso.cl\/web\/","name":"Colegio Esperanza, Valpara\u00edso","description":"Cerro Esperanza, valpara\u00edso. Calidad, excelencia, PIE","publisher":{"@id":"https:\/\/esperanzavalparaiso.cl\/web\/#organization"},"potentialAction":[{"@type":"SearchAction","target":{"@type":"EntryPoint","urlTemplate":"https:\/\/esperanzavalparaiso.cl\/web\/?s={search_term_string}"},"query-input":{"@type":"PropertyValueSpecification","valueRequired":true,"valueName":"search_term_string"}}],"inLanguage":"es"},{"@type":"Organization","@id":"https:\/\/esperanzavalparaiso.cl\/web\/#organization","name":"Colegio Esperanza, Valpara\u00edso","url":"https:\/\/esperanzavalparaiso.cl\/web\/","logo":{"@type":"ImageObject","inLanguage":"es","@id":"https:\/\/esperanzavalparaiso.cl\/web\/#\/schema\/logo\/image\/","url":"https:\/\/esperanzavalparaiso.cl\/web\/wp-content\/uploads\/2022\/06\/colegio-esperanza-valparaiso-insignia-100x120-1.png","contentUrl":"https:\/\/esperanzavalparaiso.cl\/web\/wp-content\/uploads\/2022\/06\/colegio-esperanza-valparaiso-insignia-100x120-1.png","width":100,"height":120,"caption":"Colegio Esperanza, Valpara\u00edso"},"image":{"@id":"https:\/\/esperanzavalparaiso.cl\/web\/#\/schema\/logo\/image\/"}}]}},"_links":{"self":[{"href":"https:\/\/esperanzavalparaiso.cl\/web\/wp-json\/wp\/v2\/pages\/19","targetHints":{"allow":["GET"]}}],"collection":[{"href":"https:\/\/esperanzavalparaiso.cl\/web\/wp-json\/wp\/v2\/pages"}],"about":[{"href":"https:\/\/esperanzavalparaiso.cl\/web\/wp-json\/wp\/v2\/types\/page"}],"author":[{"embeddable":true,"href":"https:\/\/esperanzavalparaiso.cl\/web\/wp-json\/wp\/v2\/users\/1"}],"replies":[{"embeddable":true,"href":"https:\/\/esperanzavalparaiso.cl\/web\/wp-json\/wp\/v2\/comments?post=19"}],"version-history":[{"count":4,"href":"https:\/\/esperanzavalparaiso.cl\/web\/wp-json\/wp\/v2\/pages\/19\/revisions"}],"predecessor-version":[{"id":123,"href":"https:\/\/esperanzavalparaiso.cl\/web\/wp-json\/wp\/v2\/pages\/19\/revisions\/123"}],"wp:attachment":[{"href":"https:\/\/esperanzavalparaiso.cl\/web\/wp-json\/wp\/v2\/media?parent=19"}],"curies":[{"name":"wp","href":"https:\/\/api.w.org\/{rel}","templated":true}]}}